1364 a factor of 39809698?
False
Is 625810900 a multiple of 1100?
True
Does 4 divide 1708821032?
True
Is 80112956 a multiple of 28?
True
Is 3922 a factor of 36815476?
False
Is 142757285 a multiple of 59?
True
Does 2631 divide 139417280?
False
Is 5382261502 a multiple of 224?
False
Is 175771445 a multiple of 203?
False
Is 4366877704 a multiple of 74?
False
Is 174 a factor of 366311760?
True
Is 5137692 a multiple of 186?
True
Is 213 a factor of 12323115?
True
Is 969 a factor of 2432741?
False
Is 1277972877 a multiple of 597?
False
Is 32796705 a multiple of 82?
False
Does 11 divide 22903067?
True
Is 69540304 a multiple of 19?
True
Does 364 divide 335818028?
True
Is 13 a factor of 24619219?
False
Does 95 divide 21183746?
False
Is 166 a factor of 1417499117?
False
Is 8 a factor of 64252441?
False
Does 3825 divide 1819580838?
False
Is 184 a factor of 127680360?
True
Is 283444662 even?
True
Does 548 divide 155278712?
False
Does 48 divide 66035407?
False
Does 4 divide 62762079?
False
Is 24 a factor of 187027656?
True
Does 9347 divide 2711385980?
False
Does 58 divide 1318558196?
True
Is 295005393 a multiple of 279?
True
Does 92 divide 17556068?
False
Does 114 divide 25680890?
False
Does 50 divide 14139455?
False
Is 44 a factor of 836873519?
False
Does 148 divide 24959399?
False
Does 14 divide 2053985020?
False
Is 1063 a factor of 28017677?
False
Is 10276068 a multiple of 11?
True
Is 255143431 a multiple of 43?
False
Is 458 a factor of 973772578?
True
Does 987 divide 1819575954?
True
Is 1309 a factor of 126759844?
False
Is 37 a factor of 14843512?
True
Does 21 divide 425111946?
True
Is 184 a factor of 13865320?
True
Is 34790409 a multiple of 24?
False
Is 197 a factor of 77786435?
True
Is 272 a factor of 286732?
False
Does 745 divide 4285128?
False
Is 1058130144 a multiple of 981?
True
Is 169214336 a multiple of 113?
True
Is 3697031 a multiple of 53?
False
Is 156590795 a multiple of 15?
False
Is 9073909 a multiple of 3?
False
Does 20 divide 19452788?
False
Is 44964209 a multiple of 209?
False
Does 329 divide 418350465?
False
Is 138 a factor of 97580490?
True
Is 70129378 a multiple of 212?
False
Is 1337 a factor of 223814348?
False
Is 2521269 a multiple of 3?
True
Does 3322 divide 279606096?
True
Does 70 divide 11732695?
False
Does 214 divide 16561032?
True
Is 4012725631 a multiple of 45?
False
Is 14 a factor of 9693359?
False
Does 65 divide 2718560?
True
Is 3 a factor of 164557866?
True
Does 29 divide 22702475?
False
Does 134 divide 34135669?
False
Is 85 a factor of 169603048?
False
Is 32927040 a multiple of 33?
False
Is 373 a factor of 84157264?
False
Is 145617881 a multiple of 907?
False
Does 965 divide 709696705?
True
Does 108 divide 42810552?
True
Is 117 a factor of 109687500?
True
Is 482 a factor of 32925424?
False
Does 2009 divide 37130945?
False
Is 421 a factor of 32398138?
False
Is 523 a factor of 96827654?
False
Is 102514978 a multiple of 9?
False
Is 66 a factor of 199198069?
False
Is 1643125792 a multiple of 136?
False
Is 271 a factor of 112417846?
True
Is 244 a factor of 51593774?
False
Does 249 divide 140072245?
False
Does 833 divide 666718206?
True
Is 195035635 a multiple of 1342?
False
Is 1679 a factor of 722947904?
False
Is 9 a factor of 2532471?
False
Is 864 a factor of 174132677?
False
Does 723 divide 13902330?
False
Is 32060612 a multiple of 1098?
False
Is 47 a factor of 16806531?
False
Is 1385183201 a multiple of 8?
False
Does 533 divide 12965204?
False
Does 1048 divide 64811530?
False
Is 5374 a factor of 2146773265?
False
Is 2 a factor of 415657?
False
Does 95 divide 25267758?
False
Is 1215919554 a multiple of 114?
True
Does 2916 divide 391214953?
False
Is 14 a factor of 103193874?
True
Does 3427 divide 1758657579?
True
Is 668 a factor of 1398826400?
False
Does 106 divide 13624338?
False
Does 4240 divide 607180720?
True
Is 722918664 a multiple of 1030?
False
Does 70 divide 104879670?
True
Does 447 divide 217092255?
True
Does 1907 divide 313934875?
False
Is 10137189 a multiple of 10?
False
Is 577 a factor of 99893070?
False
Is 34 a factor of 123035072?
False
Does 37 divide 16583461?
False
Is 6638135 a multiple of 121?
False
Is 3521 a factor of 1671044755?
False
Is 23 a factor of 138765555?
True
Is 203 a factor of 5009838982?
False
Is 14076434 a multiple of 1891?
False
Is 505 a factor of 1922851?
False
Does 3725 divide 254465925?
True
Is 159123826 a multiple of 28?
False
Is 872 a factor of 716593032?
True
Is 47 a factor of 4098259?
True
Does 885 divide 640849740?
True
Is 3365472718 a multiple of 224?
False
Is 139893162 a multiple of 64?
False
Does 791 divide 11581822?
True
Is 632799877 a multiple of 1399?
True
Is 615309565 a multiple of 2687?
True
Does 12 divide 37461768?
True
Is 2019 a factor of 1146901026?
True
Is 88 a factor of 14664848?
True
Is 309 a factor of 1939902?
True
Is 55144052 a multiple of 314?
True
Is 1595479045 a multiple of 4891?
False
Does 321 divide 477352050?
False
Is 130 a factor of 210955239?
False
Is 709165288 a multiple of 614?
False
Is 240779215 a multiple of 577?
True
Is 216000756 a multiple of 61?
True
Is 2043572671 a multiple of 23?
False
Does 6 divide 11023503?
False
Is 36869007 a multiple of 735?
False
Is 17354888 a multiple of 114?
False
Is 3 a factor of 26946149?
False
Does 1779 divide 297199081?
False
Does 9 divide 913672519?
False
Does 1450 divide 27828311?
False
Is 242 a factor of 2921908?
True
Is 19 a factor of 110075892?
True
Is 653344032 a multiple of 456?
True
Is 15507301 a multiple of 25?
False
Is 1019913871 a multiple of 6085?
False
Is 60 a factor of 145596240?
True
Is 3777391 a multiple of 329?
False
Does 640 divide 71164347?
False
Is 39909183 a multiple of 31?
True
Is 65 a factor of 19370240?
False
Is 988 a factor of 39502060?
False
Is 62 a factor of 47836619?
False
Does 9 divide 9036927?
True
Does 21 divide 585218571?
True
Is 36061587 a multiple of 261?
True
Is 57 a factor of 231968425?
False
Is 121 a factor of 20133553?
True
Is 684 a factor of 29794356?
True
Is 18481879 a multiple of 679?
False
Is 1145 a factor of 535233158?
False
Does 178 divide 252609056?
True
Does 52 divide 581925522?
False
Is 107 a factor of 762834672?
True
Is 41186863 a multiple of 4?
False
Is 745 a factor of 9972930?
False
Is 198527364 a multiple of 18?
True
Is 10 a factor of 113583142?
False
Does 9 divide 2327727?
False
Is 870921978 a multiple of 3897?
False
Is 318 a factor of 5465608?
False
Does 531 divide 10532916?
True
Is 247 a factor of 307290724?
True
Is 124050786 a multiple of 43?
True
Does 1385 divide 44045770?
True
Does 612 divide 20003905?
False
Does 345 divide 62292002?
False
Does 156 divide 107329299?
False
Is 182813706 a multiple of 34?
False
Is 416899861 a multiple of 73?
True
Does 2053 divide 193664708?
False
Is 23 a factor of 133436685?
True
Is 33 a factor of 186812689?
False
Is 17 a factor of 8880482?
False
Is 4 a factor of 9435576?
True
Is 75448764 a multiple of 10?
False
Does 19 divide 21174037?
True
Is 58095347 a multiple of 8?
False
Does 492 divide 9514296?
True
Is 166 a factor of 238308604?
True
Does 4086 divide 3066244722?
True
Does 6 divide 47913042?
True
Does 1736 divide 495977776?
False
Is 30 a factor of 112852748?
False
Does 861 divide 871806411?
True
Does 129 divide 3356713257?
True
Is 45959109 a multiple of 147?
True
Is 67 a factor of 633699430?
False
Is 273479836 a multiple of 122?
True
Is 1669532128 a multiple of 1672?
True
Is 1687964600 a multiple of 1985?
True
Is 1056918827 a multiple of 12185?
False
Is 1407 a factor of 29301100?
False
Is 35 a factor of 98263620?
True
Does 6 divide 5617240?
False
Is 1487942350 a multiple of 50?
True
Is 13 a factor of 23406045?
True
Does 376 divide 1277264104?
True
Is 2 a factor of 106432623?
False
Is 62257521 a multiple of 339?
False
Does 117 divide 122735129?
False
Is 1978 a factor of 135667?
False
Is 5 a factor of 635100?
True
Does 177 divide 440348582?
False
Does 222 divide 97234890?
True
Is 42 a factor of 13831058?
False
Does 219 divide 25162881?
True
Is 10689284 a multiple of 528?
False
Does 2 divide 59300031?
False
Is 4 a factor of 503368?
True
Is 940831528 a multiple of 5078?
True
Is 92416230 a multiple of 15?
True
Is 31467096 a multiple of 54?
True
Is 18851197 a multiple of 677?
False
Is 178 a factor of 295938172?
True
Is 63 a factor of 3295